{"id":5873,"date":"2025-08-23T14:57:21","date_gmt":"2025-08-23T14:57:21","guid":{"rendered":"https:\/\/almadina-technology.com\/product\/ordinateur-portable-lenovo-ideapad-l3-15iml05-i7-81y3008xfg\/"},"modified":"2025-09-27T16:20:08","modified_gmt":"2025-09-27T16:20:08","slug":"ordinateur-portable-lenovo-ideapad-l3-15iml05-i7-81y3008xfg","status":"publish","type":"product","link":"https:\/\/almadina-technology.com\/?product=ordinateur-portable-lenovo-ideapad-l3-15iml05-i7-81y3008xfg","title":{"rendered":"ORDINATEUR PORTABLE LENOVO IDEAPAD L3 15IML05 I7 (81Y3008XFG)"},"content":{"rendered":"<ul>\n<li>Processeur: Intel\u00ae Core\u2122 i7-10510U (8 Mo de cache, 1,80 GHz up to\u00a0 4,90 GHz, 4 c\u0153urs)<\/li>\n<li>M\u00e9moire RAM: 8 Go de m\u00e9moire SDRAM DDR4 2666MHz\u00a0<\/li>\n<li>Disque dur :\u00a0128 Go SSD M.2 2242 PCIe 3.0&#215;2 NVMe + 1 To HDD 5400rpm<\/li>\n<li>\u00c9cran :\u00a015,6&#8243; FHD (1920&#215;1080) TN 220nits Antireflet<\/li>\n<li>Carte Graphique :\u00a0NVIDIA GeForce MX330 (2\u00a0Go de m\u00e9moire GDDR5 d\u00e9di\u00e9e)<\/li>\n<li>Syst\u00e8me d&#8217;exploitation: Free Dos\u00a0<\/li>\n<\/ul>\n","protected":false},"excerpt":{"rendered":"<p>Processeur: Intel\u00ae Core\u2122 i7-10510U (8 Mo de cache, 1,80 GHz up to\u00a0 4,90 GHz, 4 c\u0153urs) M\u00e9moire RAM: 8 Go de m\u00e9moire SDRAM DDR4 2666MHz\u00a0 Disque dur :\u00a0128 Go SSD M.2 2242 PCIe 3.0&#215;2 NVMe + 1 To HDD 5400rpm \u00c9cran :\u00a015,6&#8243; FHD (1920&#215;1080) TN 220nits Antireflet Carte Graphique :\u00a0NVIDIA GeForce MX330 (2\u00a0Go de m\u00e9moire<\/p>\n<div class=\"klb-readmore entry-button\"><a class=\"btn read-more\" href=\"https:\/\/almadina-technology.com\/?product=ordinateur-portable-lenovo-ideapad-l3-15iml05-i7-81y3008xfg\">Read More<\/a><\/div>\n","protected":false},"featured_media":5871,"comment_status":"open","ping_status":"closed","template":"","meta":{"advanced_seo_description":"","jetpack_seo_html_title":"","jetpack_seo_noindex":false},"product_brand":[405],"product_cat":[140],"product_tag":[],"class_list":{"0":"post-5873","1":"product","2":"type-product","3":"status-publish","4":"has-post-thumbnail","6":"product_brand-lenovo","7":"product_cat-gaming-laptops","9":"first","10":"instock","11":"shipping-taxable","12":"purchasable","13":"product-type-simple"},"jetpack_sharing_enabled":true,"_links":{"self":[{"href":"https:\/\/almadina-technology.com\/index.php?rest_route=\/wp\/v2\/product\/5873","targetHints":{"allow":["GET"]}}],"collection":[{"href":"https:\/\/almadina-technology.com\/index.php?rest_route=\/wp\/v2\/product"}],"about":[{"href":"https:\/\/almadina-technology.com\/index.php?rest_route=\/wp\/v2\/types\/product"}],"replies":[{"embeddable":true,"href":"https:\/\/almadina-technology.com\/index.php?rest_route=%2Fwp%2Fv2%2Fcomments&post=5873"}],"wp:featuredmedia":[{"embeddable":true,"href":"https:\/\/almadina-technology.com\/index.php?rest_route=\/wp\/v2\/media\/5871"}],"wp:attachment":[{"href":"https:\/\/almadina-technology.com\/index.php?rest_route=%2Fwp%2Fv2%2Fmedia&parent=5873"}],"wp:term":[{"taxonomy":"product_brand","embeddable":true,"href":"https:\/\/almadina-technology.com\/index.php?rest_route=%2Fwp%2Fv2%2Fproduct_brand&post=5873"},{"taxonomy":"product_cat","embeddable":true,"href":"https:\/\/almadina-technology.com\/index.php?rest_route=%2Fwp%2Fv2%2Fproduct_cat&post=5873"},{"taxonomy":"product_tag","embeddable":true,"href":"https:\/\/almadina-technology.com\/index.php?rest_route=%2Fwp%2Fv2%2Fproduct_tag&post=5873"}],"curies":[{"name":"wp","href":"https:\/\/api.w.org\/{rel}","templated":true}]}}